{"id":8,"date":"2018-07-04T18:31:42","date_gmt":"2018-07-04T16:31:42","guid":{"rendered":"http:\/\/www.vbmoto.fr\/?page_id=8"},"modified":"2019-03-15T11:40:54","modified_gmt":"2019-03-15T10:40:54","slug":"a-propos-de","status":"publish","type":"page","link":"https:\/\/www.vbmoto.fr\/index.php\/a-propos-de\/","title":{"rendered":"\u00c0 propos de"},"content":{"rendered":"<div class=\"_2cuy _3dgx _2vxa\"><span style=\"color: #000000;\">Nous sommes deux m\u00e9caniciens passionn\u00e9s de motos qui proposons un garage d&rsquo;entretien et r\u00e9parations pour ceux qui veulent la qualit\u00e9 d\u2019un concessionnaire mais avec des prix attractifs et une gamme beaucoup plus large. Nous r\u00e9parons aussi les motos de collection.<\/span><\/div>\n<div><\/div>\n<div class=\"_2cuy _3dgx _2vxa\"><span style=\"color: #000000;\">Ce garage ind\u00e9pendant est ouvert aux cyclos, aux motos et scooters de toutes cylindr\u00e9es ainsi qu\u2019aux Quads. Aucune limite d\u2019ann\u00e9e&#8230; Nous sommes une \u00e9quipe proche de sa client\u00e8le .\u00a0<\/span><\/div>\n<div><img loading=\"lazy\" class=\"alignnone wp-image-144\" src=\"http:\/\/www.vbmoto.fr\/wp-content\/uploads\/2018\/09\/20180919_184118-300x169.jpg\" alt=\"\" width=\"260\" height=\"149\" \/><\/div>\n","protected":false},"excerpt":{"rendered":"<p>Nous sommes deux m\u00e9caniciens passionn\u00e9s de motos qui proposons un garage d&rsquo;entretien et r\u00e9parations pour ceux qui veulent la qualit\u00e9 d\u2019un concessionnaire mais avec des prix attractifs et une gamme beaucoup plus large. Nous r\u00e9parons aussi les motos de collection. &hellip; <a href=\"https:\/\/www.vbmoto.fr\/index.php\/a-propos-de\/\">Continuer la lecture <span class=\"meta-nav\">&rarr;<\/span><\/a><\/p>\n","protected":false},"author":1,"featured_media":51,"parent":0,"menu_order":0,"comment_status":"closed","ping_status":"closed","template":"","meta":[],"_links":{"self":[{"href":"https:\/\/www.vbmoto.fr\/index.php\/wp-json\/wp\/v2\/pages\/8"}],"collection":[{"href":"https:\/\/www.vbmoto.fr\/index.php\/wp-json\/wp\/v2\/pages"}],"about":[{"href":"https:\/\/www.vbmoto.fr\/index.php\/wp-json\/wp\/v2\/types\/page"}],"author":[{"embeddable":true,"href":"https:\/\/www.vbmoto.fr\/index.php\/wp-json\/wp\/v2\/users\/1"}],"replies":[{"embeddable":true,"href":"https:\/\/www.vbmoto.fr\/index.php\/wp-json\/wp\/v2\/comments?post=8"}],"version-history":[{"count":10,"href":"https:\/\/www.vbmoto.fr\/index.php\/wp-json\/wp\/v2\/pages\/8\/revisions"}],"predecessor-version":[{"id":391,"href":"https:\/\/www.vbmoto.fr\/index.php\/wp-json\/wp\/v2\/pages\/8\/revisions\/391"}],"wp:featuredmedia":[{"embeddable":true,"href":"https:\/\/www.vbmoto.fr\/index.php\/wp-json\/wp\/v2\/media\/51"}],"wp:attachment":[{"href":"https:\/\/www.vbmoto.fr\/index.php\/wp-json\/wp\/v2\/media?parent=8"}],"curies":[{"name":"wp","href":"https:\/\/api.w.org\/{rel}","templated":true}]}}

À propos de

<div class="_2cuy _3dgx _2vxa"><span style="color: #000000;">Nous sommes deux mécaniciens passionnés de motos qui proposons un garage d&rsquo;entretien et réparations pour ceux qui veulent la qualité d’un concessionnaire mais avec des prix attractifs et une gamme beaucoup plus large. Nous réparons aussi les motos de collection.</span></div>
<div></div>
<div class="_2cuy _3dgx _2vxa"><span style="color: #000000;">Ce garage indépendant est ouvert aux cyclos, aux motos et scooters de toutes cylindrées ainsi qu’aux Quads. Aucune limite d’année&#8230; Nous sommes une équipe proche de sa clientèle . </span></div>
<div><img loading="lazy" class="alignnone wp-image-144" src="http://www.vbmoto.fr/wp-content/uploads/2018/09/20180919_184118-300x169.jpg" alt="" width="260" height="149" /></div>

<p>Nous sommes deux mécaniciens passionnés de motos qui proposons un garage d&rsquo;entretien et réparations pour ceux qui veulent la qualité d’un concessionnaire mais avec des prix attractifs et une gamme beaucoup plus large. Nous réparons aussi les motos de collection. &hellip; <a href="https://www.vbmoto.fr/index.php/a-propos-de/">Continuer la lecture <span class="meta-nav">&rarr;</span></a></p>
